by y?
4
Let x(w) = 2*w**3 - 9*w**2 + 21. Suppose -3 = -y - 0*y. Suppose -j = -2*i + 28, 6*i - y*i = -4*j + 31. Calculate the remainder when i is divided by x(4).
3
Let p(m) = 2*m**3 - 87*m**2 - 40*m - 118. What is the remainder when p(44) is divided by 8?
2
Let y(d) = -d**2 + 5*d + 11. Let z be y(5). Let i = 7 + z. What is the remainder when i is divided by 3?
0
Suppose 6*k - 10 = k. Let r(p) = 6 - 1 + 8*p**k - 7*p**2. What is the remainder when r(5) is divided by 16?
14
Let i(g) = -g**2 + 26*g + 47. What is the remainder when (2 - 17)*(-92)/10 is divided by i(26)?
44
Let i(g) = -3*g**3 + 2*g**2 - 3*g + 4. Let f = -11 + 13. Let l be i(f). What is the remainder when ((-5)/2)/(3/l) is divided by 4?
3
Let u(m) = 11*m + 112. What is the remainder when 87 is divided by u(-6)?
41
Let k(u) = -u**3 - 9*u**2 - 2*u - 3. Let g be (45/20)/((-1)/4). Suppose 5*f = 39 + 1. Calculate the remainder when k(g) is divided by f.
7
Calculate the remainder when (0 - 2)*(-12 - -9) - -62 is divided by 32.
4
Suppose 5*f = -3*s - 33, 3*f - 2*s = 2*f - 4. What is the remainder when (4 + f)/((-4)/26) is divided by 7?
6
Suppose -s + 1 = -2. Suppose 4*g - 12 = s*w, -2*w - 3*g + 4 = -5. Suppose -2*z + 2*p = -32, 2*z - 27 = p - w*p. Calculate the remainder when 19 is divided by z.
8
Let s be (-6)/4 - (-7)/2. Suppose -s*x - x = -12. Suppose x*t = t + 21. Calculate the remainder when 19 is divided by t.
5
Let f(j) = 3*j**2 + 9*j + 3. Let c be f(-6). Suppose -5*x - c = -y, 2*x = 5*x - 5*y + 43. What is the remainder when -15*1*x/3 is divided by 28?
27
Suppose -5*d = 2*y - 31, -5*y + 4*d = -6*y + 23. What is the remainder when 30 is divided by y?
0
What is the remainder when (304/(-40))/(-11 - (-3276)/300) is divided by 122/6 - (-1)/(-3)?
15
Let d be ((16/20)/1)/(3/(-15)). What is the remainder when 4*((0/(-2))/(-3) - d) is divided by 5?
1
Let j(w) = 13*w**2 + 102*w - 3. Calculate the remainder when j(-10) is divided by 41.
31
Suppose -15*k = -3526 - 959. What is the remainder when k is divided by 50?
49
Let n(m) = -2*m**3 + m**2 + 2*m. Let u be (-2)/(-18) + (-95)/45. Calculate the remainder when n(-3) is divided by 6 + u + (-16)/(-1).
17
Let j be 31*(-1 + -2 - -5). Let a be 1/(-1 - 24/(-27)). Let w = j - a. What is the remainder when w is divided by 18?
17
Let s = 8 - -46. Let p(a) = -2*a**2 + 3*a + 2. Let o be p(3). Let h(j) = -j**2 - 11*j - 9. Calculate the remainder when s is divided by h(o).
16
Let l(o) = 4*o**2 - 5*o + 41. Calculate the remainder when 347 is divided by l(5).
115
Suppose 0 = 4*t + 2*o + 19 - 7, -3*o = t + 8. Let x be t/(-1) - 2/(-2). Calculate the remainder when 27 is divided by (x/(12/(-112)))/(-2).
13
Suppose -138 + 26 = -4*b. Let k be 12/(-18)*-3*17. Let m = k - 26. Calculate the remainder when b is divided by m.
4
Let h = -8 - -37. What is the remainder when 8/(-3) + 7/(-21) + 87 is divided by h?
26
Let r = -94 + 224. Suppose -135 = -5*p - u - u, r = 5*p + u. Let f = 29 - 15. Calculate the remainder when p is divided by f.
11
Suppose -4*x - 72 = -4*m + 304, 64 = m + 5*x. What is the remainder when m is divided by 47?
42
Let r(x) = 34*x**2 - 6. What is the remainder when r(-2) is divided by 66?
64
Suppose s + 5 = -v + 40, 2*v + 5*s = 70. Calculate the remainder when 78 is divided by v.
8
Suppose -3 = f - 2*f. Suppose -f*l + 4*b + 91 = 2*b, 0 = -2*l + b + 59. Let p(o) = 11*o - 1. Calculate the remainder when l is divided by p(1).
7
Let o(q) = -q**3 + 14*q**2 - 13*q - 39. Calculate the remainder when 360 is divided by o(12).
81
Suppose -3*m - 13 = -2*v, 0 = -v + 3*m + 6 + 2. Suppose v*r + 1706 = 5466. What is the remainder when 3/((-4)/(r/(-12))) is divided by 24?
23
Let r(m) = -m**3 + 8*m**2 - 8*m + 14. Let w be r(5). Calculate the remainder when (5 - w)/(6/(-9)) is divided by 23.
20
Calculate the remainder when 17*(8 - 5) + -9 is divided by 4.
2
Let a(l) = -6*l + 38. What is the remainder when 42 is divided by a(5)?
2
Suppose -4*f = -k + 8, 4*k + f = 6*f + 54. Calculate the remainder when k + 4 + (2 - 2) is divided by 14.
6
Suppose -21 - 9 = 5*j. Let m(i) = i**3 + 6*i**2 - 4*i + 6. Suppose -2*y - 3*a + 28 = -7*a, 5*a = y - 11. What is the remainder when m(j) is divided by y?
14
Let r be ((-42)/(-12))/(2/(-28)). Let m = r + 73. Calculate the remainder when 92 is divided by m.
20
Let o = 8 + 20. Suppose -o = 8*h - h. What is the remainder when 24 is divided by -3*(h/12 + -4)?
11
Let r be (-3)/1 - (1 + (-6 - -2)). What is the remainder when 70 is divided by (-1)/(-2) - r - (-700)/40?
16
Let w = -196 + 235. What is the remainder when w is divided by 14?
11
Let y = 239 + -173. What is the remainder when 460 is divided by y?
64
Let s = -17 - -17. Let a be -1 + 0 + (5 - s). What is the remainder when 12 is divided by (a/(-12))/(2/(-42))?
5
Suppose 0 = -q - 4*v + 4, 0 = -4*q - v + 1. Let a(n) = 3*n + 60. What is the remainder when a(q) is divided by 13?
8
Suppose -2*m + 2*a - 6 = 0, -m - 10*a = -6*a - 2. Let x = 2 - m. Suppose -x*c + 36 = 4*o, 4*o = -c + 5 + 10. Calculate the remainder when 11 is divided by c.
4
Suppose -10 = -4*l + 10. Suppose 3 = -l*c + 28. What is the remainder when 14 is divided by c?
4
Let l(z) be the third derivative of 0*z + 5/24*z**4 - 7/6*z**3 + 0 - 2*z**2. Calculate the remainder when l(8) is divided by 12.
9
Let l be (0 + 24)/(6/(-4)). Let v(d) = -2*d - 14. Suppose 7*z - 4*n = 3*z + 220, -263 = -5*z + n. Calculate the remainder when z is divided by v(l).
16
Let s be (1/2)/((-3)/(-138)). Let w = s - 9. Calculate the remainder when 37 is divided by w.
9
Let n = 29 + -2. Suppose c + 4*s - n = 0, -5 = -2*s + 1. What is the remainder when 58 is divided by c?
13
Let s(a) = 4*a**2 + 3*a - 1. Suppose 129 = 4*d - 5*i, -4*i = 5*d - 8 - 102. Calculate the remainder when s(-4) is divided by d.
25
Suppose p - 2 = 0, 2*l = -4*p + 6*p + 76. Suppose -3*g = g - 56. Calculate the remainder when l is divided by g.
12
Suppose 0 = 16*w - 4*w - 252. Let b = 7 + -4. What is the remainder when ((-38)/b + -1)*-3 is divided by w?
20
Suppose -u + 43 = -5. Suppose -25*f + 4 = -24*f. Suppose 6*s + 3*y = 2*s + u, f = y. What is the remainder when s is divided by 5?
4
Suppose 15*b - 14*b = 0. Suppose -3*j - 2*o - 317 = b, -j = -4*j + 4*o - 311. Calculate the remainder when 26 is divided by j/14*12/(-10).
8
Let c(y) = y - 9. Let i be c(8). Calculate the remainder when 102 is divided by -4 - i/((-3)/(-75)).
18
Let m = 614 - 600. Let n = -20 - -28. Calculate the remainder when m is divided by n.
6
Suppose 72 = m + 29. Calculate the remainder when m is divided by (-1 + 4 - 7) + (-1 - -14).
7
Let v be (-3)/(-9) - (-64)/(-12). Suppose -1 = -x, -3*z + 4*x + 0 = -2. What is the remainder when 53 is divided by 399/15 - z/v?
26
Let z = 135 - 88. What is the remainder when 232 is divided by z?
44
Let i(w) = 25*w**2 - 3*w. What is the remainder when i(2) is divided by 16?
14
Calculate the remainder when 151 is divided by 54 + -4 + 9 + -6.
45
What is the remainder when -124*(6 - (-162)/(-24)) is divided by 24?
21
Let c = 146 - 25. Calculate the remainder when c is divided by 41.
39
Suppose 2*b - 14 = -5*b. Suppose z + 12 = 4*z. Suppose -3*c = -2*t - 0*t - 19, -z*c - 5*t - 13 = 0. Calculate the remainder when c is divided by b.
1
Calculate the remainder when 2090/66 + (-2)/(-6) is divided by 11.
10
Suppose 0 = 12*f - 14*f + 344. What is the remainder when f is divided by 0/(-2 - -4) - -35?
32
Suppose 11*g = 4*g. Calculate the remainder when 0/(-2) + -1 - g - -70 is divided by 35.
34
Suppose 0 = -q - 0*y - 2*y - 17, 0 = 2*q + 5*y + 38. Let u(t) = t**3 + 10*t**2 + 4*t - 6. Let j = -21 - -41. Calculate the remainder when u(q) is divided by j.
19
What is the remainder when 175 is divided by -6 + (132 - 2)/5?
15
Suppose z - 3*j - 2 = 35, -z + 37 = 2*j. What is the remainder when z is divided by 14?
9
Let o(l) = 6*l**2 + 18*l + 1. Calculate the remainder when o(-4) is divided by 6.
1
Suppose 5*c = o + 228, 0 = -c + 3*o - 0*o + 40. Let l = -152 - -149. What is the remainder when c is divided by 4*l/((-3)/4)?
14
Let y = 53 + -45. Calculate the remainder when 102 is divided by y.
6
Let q = 2 - -12. Calculate the remainder when 976/18 + 2/(-9) is divided by q.
12
Let r = 437 + -386. Calculate the remainder when 201 is divided by r.
48
Suppose 0 = 3*f - t - 1, f + 2 = -3*f + 3*t. What 